 l = 93 + d. Suppose -54 = -5*s - 4. What is the remainder when l is divided by s?
6
Suppose 5*g - 4*s = -0*s + 183, 4*g - 153 = s. What is the remainder when g is divided by 1 + 24 + (-36)/45*5?
18
Let u = 51 + -29. Calculate the remainder when u is divided by (27/(-12))/(-9) + 23/4.
4
Let o = 42 + -4. Suppose 0 = 4*q - 3*n + 7*n - 44, -16 = -2*q - 4*n. What is the remainder when o is divided by q?
10
Let f = -75 - -77. Let v(g) = 4*g**2 - g + 2. Calculate the remainder when 62 is divided by v(f).
14
Let i = -558 - -600. Calculate the remainder when 119 is divided by i.
35
Let r(d) = -9*d + 74. Calculate the remainder when r(-21) is divided by 53.
51
Calculate the remainder when 107 is divided by 75*1*(-30)/(-75) + -3.
26
Let v = 246 + -218. What is the remainder when 61 is divided by v?
5
Let h = 79 + -66. Suppose h*w - 528 = 486. Calculate the remainder when w is divided by 40.
38
Let o = -14 - -19. Suppose -91 = -o*n - 6. Suppose 0 = 6*y - 2*y - 196. Calculate the remainder when y is divided by n.
15
Suppose -2*r = -g - 181, 2*r + g - 99 - 84 = 0. Suppose -13*x + 572 = -r. What is the remainder when x is divided by 6?
3
Let r(a) = 29*a**2 + 2*a. Let o = 14 - 13. Calculate the remainder when r(o) is divided by 4.
3
Suppose -7*n - 7 = -231. Let f = 414 - 402. What is the remainder when n is divided by f?
8
Suppose 0 = -8*f + 715 - 99. Let g(w) = -w**2 + 11*w + 10. What is the remainder when f is divided by g(10)?
17
Let j(x) = -9*x**3 - 2*x**2 - 4*x - 4*x + 4*x + 3*x. Let w be (2 + 48/(-20))*5. What is the remainder when j(w) is divided by 23?
20
Suppose 0 = 4*s - f - 4, -8*s + 3*f = -4*s + 4. Suppose -2*m = -s*w + 30, -2*m = -5*w + m + 77. Calculate the remainder when 30 is divided by w.
14
Let u = -2 + 7. Let m be (-3652)/(-20) - (-10)/25. Suppose -90 = -2*f - u*l, -4*f - 2*l = f - m. What is the remainder when f is divided by 12?
11
Suppose 3 = -3*p, 2*u + 7 = 3*u - 2*p. Let h(f) = -f**2 + 6*f - 3. What is the remainder when u*(-1 - 14/(-5)) is divided by h(2)?
4
Suppose -2*q + 140 = 60. What is the remainder when 55 is divided by q?
15
Let i(q) = -5*q - 6. Let r be i(-6). Let f = 63 + r. Calculate the remainder when f is divided by 30.
27
Let x = -20 - -39. Suppose -55 = -3*c - x. Calculate the remainder when (-36)/(-24) + (-82)/(-4) is divided by c.
10
Let q(h) = h**2 + 30*h - 253. Suppose u - 2*d - 16 = 3*d, -2*u = 4*d - 46. Let x = u + -10. Calculate the remainder when x is divided by q(-37).
5
Let s = 181 + -159. What is the remainder when 171 is divided by s?
17
Suppose -3*g - 21 + 132 = 0. Suppose -3*n - n + 483 = 19*n. What is the remainder when g is divided by n?
16
Let w = 20 - 20. Suppose w = 2*c + 21 + 19. Calculate the remainder when (-10)/c*62/1 is divided by 17.
14
Suppose -8*m + 184 = 15*m. What is the remainder when 310 is divided by m?
6
Let n = 585 + -530. Calculate the remainder when 384 is divided by n.
54
Suppose 23*p - 2987 = -6*p. Suppose -52 = -x - x. Calculate the remainder when p is divided by x.
25
Let d(m) = 183*m**3 - 1. What is the remainder when d(1) is divided by 2/16*-10 - 5814/(-152)?
34
Suppose 2*x = -10, -4*x = -4*b + 36 + 28. Let h be (-3)/(-2)*(-2)/(-1). Suppose -h*w - 38 = -5*w. Calculate the remainder when w is divided by b.
8
Suppose 0 = 4*q - 20, -3435 = -10*h + 5*h - 3*q. What is the remainder when h is divided by 43?
39
Suppose 2*g = 4*a + g - 117, 3*a + g - 79 = 0. Suppose 17*k - 189 = 16*k. Suppose -7*b + k + 182 = 0. What is the remainder when b is divided by a?
25
Suppose 5 = d - 1. Suppose 4*m + 4*u - 14 - d = 0, 0 = -3*u - 3. What is the remainder when 15 is divided by m?
3
Let n(f) = f**3 + 6*f**2 + 3*f + 7. Let m be 18 + -17 - (10 + 1). Let c(g) = g**2 + 12*g + 25. What is the remainder when n(-5) is divided by c(m)?
2
Let k be (-2)/(-6) - 14/6. Let b = -452 + 454. What is the remainder when 15 is divided by k*b*(-9)/4?
6
Let y(w) = w**3 + 5*w**2 - 8*w - 7. Suppose -24 = -2*v - 2*v. What is the remainder when y(-6) is divided by 1*-2 + 0 + v?
1
Let p(z) = 7*z. Let o be p(-2). Let c be (-21)/o*(-16)/(-3). Suppose -c = -h - 1. What is the remainder when 19 is divided by h?
5
Let h(x) = 2*x**2 - 13*x - 4. Let o be h(7). Suppose o*i + 0*m = -3*m + 15, -2*i = 4*m - 12. Calculate the remainder when 4 is divided by i.
0
Calculate the remainder when (-13520)/(-165) - 66/(-1089) is divided by 25.
7
Suppose 0 = 22*a - 303 - 247. Suppose -v + 0*v = -17. Let q = a + v. Calculate the remainder when q is divided by 15.
12
Let p(j) = 9 + 0 + 11*j**2 - 7*j**2 + 6*j - 2*j**2. What is the remainder when 66 is divided by p(-4)?
15
Let j(l) = 157*l + 502. Let g(x) = -4*x + 1. Calculate the remainder when j(-3) is divided by g(-4).
14
What is the remainder when 141 is divided by (-1)/3*315/(-5)?
15
Suppose 0 = -7*a - 1 + 1. Suppose 13*s - 8*s - 70 = a. Calculate the remainder when 96 is divided by s.
12
Let r = 22 - -3. Let m = -38 + 24. What is the remainder when r is divided by 1*(0 - 1)*m?
11
Suppose -4*p - 2*g = -g - 141, -p + 4*g + 48 = 0. Calculate the remainder when p - 9/(45/10) is divided by 7.
6
Suppose -l - 46 = -b + l, 0 = -3*b - 4*l + 188. Suppose b = 5*c - 34. Calculate the remainder when c is divided by 7.
4
Suppose 2*f = 4, -2*w - f + 2 = -10. Suppose 0 = -w*v + 3*k - 444, 3*v + 2*k = 2*v - 94. Let i = v + 148. What is the remainder when i is divided by 10?
8
Let x(t) = 26*t**2 + 2*t - 3. Let z be x(2). Let m = z - 37. Let p = 24 - 0. What is the remainder when m is divided by p?
20
Let v(j) = -j**3 - 19*j**2 - j - 6. Let r(a) = 2*a**2 + 4*a - 7. Let t = 10 + -15. What is the remainder when r(t) is divided by v(-19)?
10
Suppose 3*p + p = 20. Let n be -1*((-5)/1 + 3 - 0). What is the remainder when p is divided by n - (5 - 1) - -4?
1
Suppose -o + 29 = -0*o. Suppose -108 + 33 = -5*x. Let i = o - x. Calculate the remainder when 39 is divided by i.
11
Let a(o) = 15*o - 47. Let m be a(-5). Let g = 137 + m. What is the remainder when 23 is divided by g?
8
Let f(v) = v**3 - 7*v**2 - 8*v + 3. Let l be f(8). Let x(t) = -2*t + 3. Let n be x(2). What is the remainder when 62 + (-3)/l*n is divided by 16?
15
Let t(j) = 151*j**2 - j. Let f be t(1). Let z = f - 91. Calculate the remainder when z is divided by 21.
17
Suppose 0 = 5*k - 33 - 12. Let y = 653 - 638. What is the remainder when y is divided by k?
6
Let g = 290 + -267. What is the remainder when 86 is divided by g?
17
Let z(k) be the first derivative of k**3/3 - k**2 + 14*k - 4. Calculate the remainder when z(6) is divided by 10.
8
Let s = -23 - -20. Calculate the remainder when 3*((-20)/s - -1) is divided by 13.
10
Suppose 0 = 7*o - 112 - 70. Suppose -o = -4*y + 2*y. Calculate the remainder when 36 is divided by y.
10
Let l(q) = q**2 - 21*q + 21. What is the remainder when 89 is divided by l(21)?
5
Let r = -1726 + 1796. What is the remainder when r is divided by 38?
32
Suppose -3*n + 16 = 2*s - n, 0 = -2*s + 4*n + 22. Suppose s*m - 23 - 67 = 0. What is the remainder when m is divided by 4?
2
Let s = 288 - 246. Calculate the remainder when 79 is divided by s.
37
Let u be 18/8 + (-8)/32. Suppose -8*j + u*j = -90. Let g(k) = -k**2 - 6*k + 4. What is the remainder when j is divided by g(-6)?
3
Suppose 611 - 2117 = -3*w + 4*i, 2*i = -5*w + 2510. What is the remainder when w is divided by 28?
26
Let t(s) = 39*s**3 - 11*s**2 - s + 2. What is the remainder when 257 is divided by t(1)?
25
Suppose 13*i + 368 = 36*i. Calculate the remainder when ((-29)/4)/((-7)/28) is divided by i.
13
Suppose -5*s - 7 - 30 = -3*z, 2*z + 4*s - 10 = 0. Calculate the remainder when 88 is divided by z.
7
Suppose -6232 = -121*k + 39*k. What is the remainder when k is divided by 16?
12
Suppose -5*m + 3*d + 70 = 0, 2*m + 13 - 30 = -d. Let q = -79 - -120. Calculate the remainder when q is divided by m.
8
Let q = -138 - -166. Calculate the remainder when q is divided by 5.
3
Suppose 0 = v + 4*o - 55, 0 = -3*v + 5*o + 222 - 57. Suppose 2*n = -f - 2*n + v, 4*n + 229 = 3*f. Calculate the remainder when f is divided by 25.
21
Suppose 12*q = 32*q - 300. Let z(u) = u**2 + u - 3. Let s be z(-3). Suppose 0 = -2*r - s*r + 140. Calculate the remainder when r is divided by q.
13
Let o(t) = t + 2. Let c be o(0). Suppose 0 = -c*p + 5 + 1. Let q(y) = 2*y**2 - 18*y - 265. Calculate the remain